{"id":238,"date":"2025-05-26T15:10:46","date_gmt":"2025-05-26T15:10:46","guid":{"rendered":"https:\/\/luthier-legros.com\/?page_id=238"},"modified":"2025-05-27T07:45:27","modified_gmt":"2025-05-27T07:45:27","slug":"domu","status":"publish","type":"page","link":"http:\/\/luthier-legros.com\/index.php\/cs\/domu\/","title":{"rendered":"Dom\u016f"},"content":{"rendered":"<p data-start=\"63\" data-end=\"129\"><strong data-start=\"63\" data-end=\"129\">V\u00fdrobce a restaur\u00e1tor smy\u010dcov\u00fdch n\u00e1stroj\u016f.<\/strong><\/p>\n<p data-start=\"131\" data-end=\"409\">Jsem francouzsk\u00fd housla\u0159, <span class=\"HwtZe\" lang=\"cs\"><span class=\"jCAhz ChMk0b\"><span class=\"ryNqvb\">v \u010cesk\u00e9 republice<\/span><\/span><\/span>. \u0158emeslo jsem za\u010dal studovat ve v\u011bku 15 let na N\u00e1rodn\u00ed \u0161kole housla\u0159stv\u00ed v Mirecourtu a absolvoval jsem v roce 1995. Dvacet let jsem pracoval v d\u00edln\u00e1ch ve Francii, \u0160pan\u011blsku a Nizozemsku, ne\u017e jsem si otev\u0159el vlastn\u00ed atelier v Brn\u011b.<\/p>\n<p data-start=\"411\" data-end=\"713\">M\u00e1 d\u00edlna se nach\u00e1z\u00ed ve t\u0159et\u00edm pat\u0159e historick\u00e9 budovy v centru brn\u011bnsk\u00e9 star\u00e9 \u010d\u00e1sti m\u011bsta. P\u0159ij\u00edm\u00e1m zde hudebn\u00edky v\u0161ech \u00farovn\u00ed \u2014 od za\u010d\u00e1te\u010dn\u00edk\u016f a\u017e po zku\u0161en\u00e9 profesion\u00e1ly \u2014 a\u0165 u\u017e hraj\u00ed klasickou, barokn\u00ed, jazzovou \u010di tradi\u010dn\u00ed hudbu. V\u011bnuji \u010das naslouch\u00e1n\u00ed, porozum\u011bn\u00ed jejich pot\u0159eb\u00e1m a \u00fazk\u00e9 spolupr\u00e1ci.<\/p>\n<p data-start=\"715\" data-end=\"927\">B\u011bhem let jsem m\u011bl tu \u010dest spolupracovat s renomovan\u00fdmi housla\u0159i a institucemi, co\u017e mi umo\u017enilo restaurovat v\u00fdjime\u010dn\u00e9 historick\u00e9 n\u00e1stroje \u2014 zku\u0161enost, kter\u00e1 z\u00e1sadn\u011b ovlivnila m\u016fj p\u0159\u00edstup k v\u00fdrob\u011b a p\u00e9\u010di o housle.<\/p>\n<p data-start=\"929\" data-end=\"1090\">M\u011bl jsem tak\u00e9 mo\u017enost vytv\u00e1\u0159et n\u00e1stroje pro profesion\u00e1ln\u00ed a uzn\u00e1van\u00e9 hudebn\u00edky po cel\u00e9 Evrop\u011b a jsem v\u017edy vd\u011b\u010dn\u00fd, \u017ee je mohu doprov\u00e1zet na jejich um\u011bleck\u00e9 cest\u011b.<\/p>\n<p data-start=\"1092\" data-end=\"1249\">Miluji hudbu, miluji \u0159emeslo a v\u00e1\u017e\u00edm si lidsk\u00e9ho spojen\u00ed s hudebn\u00edky. Pova\u017euji se za velmi \u0161\u0165astn\u00e9ho, \u017ee vykon\u00e1v\u00e1m profesi, kter\u00e1 spojuje v\u0161echny tyto v\u00e1\u0161n\u011b.<\/p>\n\n\n<figure class=\"wp-block-gallery has-nested-images columns-default is-cropped wp-block-gallery-1 is-layout-flex wp-block-gallery-is-layout-flex\">\n<figure class=\"wp-block-image\"><img loading=\"lazy\" decoding=\"async\" width=\"1024\" height=\"683\" data-id=\"22\" src=\"http:\/\/luthier-legros.com\/wp-content\/uploads\/2020\/01\/SAM_8490-1024x683.jpg\" alt=\"Matthieu Legros violin maker workshop in Brno restoration of a cello from Goffriller\" class=\"wp-image-22\"\/><\/figure>\n\n\n\n<figure class=\"wp-block-image\"><img loading=\"lazy\" decoding=\"async\" width=\"1024\" height=\"683\" data-id=\"7\" src=\"http:\/\/luthier-legros.com\/wp-content\/uploads\/2020\/01\/SAM_1431-1024x683.jpg\" alt=\"violin maker Matthieu Legros construction of a new cello in Brno\" class=\"wp-image-7\" srcset=\"http:\/\/luthier-legros.com\/wp-content\/uploads\/2020\/01\/SAM_1431-1024x683.jpg 1024w, http:\/\/luthier-legros.com\/wp-content\/uploads\/2020\/01\/SAM_1431-300x200.jpg 300w, http:\/\/luthier-legros.com\/wp-content\/uploads\/2020\/01\/SAM_1431-768x512.jpg 768w, http:\/\/luthier-legros.com\/wp-content\/uploads\/2020\/01\/SAM_1431-750x500.jpg 750w, http:\/\/luthier-legros.com\/wp-content\/uploads\/2020\/01\/SAM_1431-400x267.jpg 400w, http:\/\/luthier-legros.com\/wp-content\/uploads\/2020\/01\/SAM_1431-430x287.jpg 430w, http:\/\/luthier-legros.com\/wp-content\/uploads\/2020\/01\/SAM_1431-150x100.jpg 150w, http:\/\/luthier-legros.com\/wp-content\/uploads\/2020\/01\/SAM_1431-100x67.jpg 100w\" sizes=\"auto, (max-width: 1024px) 100vw, 1024px\" \/><\/figure>\n<\/figure>\n","protected":false},"excerpt":{"rendered":"<p>V\u00fdrobce a restaur\u00e1tor smy\u010dcov\u00fdch n\u00e1stroj\u016f. Jsem francouzsk\u00fd housla\u0159, v \u010cesk\u00e9 republice. \u0158emeslo jsem za\u010dal studovat ve v\u011bku 15 let na N\u00e1rodn\u00ed \u0161kole housla\u0159stv\u00ed v Mirecourtu a absolvoval jsem v roce [&hellip;]<\/p>\n","protected":false},"author":1,"featured_media":0,"parent":0,"menu_order":0,"comment_status":"closed","ping_status":"closed","template":"","meta":{"footnotes":""},"class_list":["post-238","page","type-page","status-publish","hentry"],"_links":{"self":[{"href":"http:\/\/luthier-legros.com\/index.php\/wp-json\/wp\/v2\/pages\/238","targetHints":{"allow":["GET"]}}],"collection":[{"href":"http:\/\/luthier-legros.com\/index.php\/wp-json\/wp\/v2\/pages"}],"about":[{"href":"http:\/\/luthier-legros.com\/index.php\/wp-json\/wp\/v2\/types\/page"}],"author":[{"embeddable":true,"href":"http:\/\/luthier-legros.com\/index.php\/wp-json\/wp\/v2\/users\/1"}],"replies":[{"embeddable":true,"href":"http:\/\/luthier-legros.com\/index.php\/wp-json\/wp\/v2\/comments?post=238"}],"version-history":[{"count":4,"href":"http:\/\/luthier-legros.com\/index.php\/wp-json\/wp\/v2\/pages\/238\/revisions"}],"predecessor-version":[{"id":254,"href":"http:\/\/luthier-legros.com\/index.php\/wp-json\/wp\/v2\/pages\/238\/revisions\/254"}],"wp:attachment":[{"href":"http:\/\/luthier-legros.com\/index.php\/wp-json\/wp\/v2\/media?parent=238"}],"curies":[{"name":"wp","href":"https:\/\/api.w.org\/{rel}","templated":true}]}}